 the tens digit of o(7)?
8
Let h(a) = 21*a - 1. What is the units digit of h(10)?
9
Let l = 7 + 7. Suppose f - 7 = d, -d = -3*f + f + 9. Let y = l + d. What is the units digit of y?
9
Let w be 4/6 - (-14)/6. Suppose -p + 6 = -2*k, -5*p + 0*k = -w*k - 9. Suppose p = 3*v + 2*v - 30. What is the units digit of v?
6
Let d(w) = w**2 + 4*w - 3. Let r be ((-20)/12)/((-1)/(-3)). Let u be d(r). What is the units digit of 6/(-5)*(-10)/u?
6
Let u(z) = z**2 - z. Let m(w) = -8*w**2 + 4*w. Let c(o) = m(o) + 3*u(o). Let k be c(1). Let b = 2 - k. What is the units digit of b?
6
Suppose -250 = -15*b + 3785. What is the units digit of b?
9
Let d(k) = k - 7. Let z be d(4). Let w = -5 + 13. Let i = w + z. What is the units digit of i?
5
Suppose -n + 29 + 251 = 0. What is the units digit of n?
0
Let s be (3 - 0/(-4))/3. Suppose 4*n + s - 97 = 0. What is the tens digit of n?
2
Suppose -4*p - 5*y - 131 + 834 = 0, 0 = -4*y - 4. What is the tens digit of p?
7
Let x(y) = y**2 + 11*y + 17. What is the units digit of x(-10)?
7
Let r be (-192)/(-2)*(-2)/(-4). What is the units digit of r/20 - (-3)/5?
3
Let p = 4 - 13. Let j = p + 9. Suppose -2*z = -2*f - 8, j = -z + 2*z + f - 4. What is the units digit of z?
4
Let p = 25 - 23. Suppose 5*a - 2*a - 4*t = 88, -p*a = t - 66. What is the tens digit of a?
3
Suppose 16*k - 68 = 12*k. What is the tens digit of k?
1
Let r(y) = -y**2 + 2*y + 3. Let d = 2 - -1. Let w be r(d). Let h = 1 + w. What is the units digit of h?
1
Let g(o) = 4*o**3 + 28*o**2 - 2*o + 4. What is the units digit of g(-6)?
0
Suppose 5*u + 8 + 17 = 0, 0 = -5*p + 3*u. Let m(x) = x**2 + 5*x. Let n be m(-4). What is the units digit of 13 - (1 - (p - n))?
3
Let x(t) = t**3 - 2*t**2 + t + 2. Let p be x(2). Suppose -18 = -2*m + p*d, 6 = -4*m + 5*d + 33. What is the units digit of ((-9)/6)/(m/(-8))?
4
Let m be 7/(35/(-6))*5. What is the units digit of (1 + m/9)*33?
1
Let b = -64 - -20. Let j = -27 - b. What is the units digit of j?
7
Suppose -2*i + o + 998 = 369, 5*i - 1565 = 4*o. What is the units digit of i?
7
What is the tens digit of 10/15 - (-127)/3?
4
Let z = 152 + -97. What is the tens digit of z?
5
Let t be (-6)/(2 - 48/27). Let r = -16 - t. What is the units digit of r?
1
Let l = -145 - -225. What is the tens digit of l?
8
Let g(l) = -l - 13. Let r be g(-11). What is the units digit of (-8)/r*3 - -4?
6
Suppose 8 = -2*b, -5*n + 4*b = 1 - 27. What is the units digit of n - (-1)/(2/4)?
4
Let f(x) = x + 2. Let w be f(-5). What is the units digit of 21 + (-2 - w) + -2?
0
Let v = 0 - -1. Let p(c) be the third derivative of 3*c**6/40 - c**5/30 + c**4/24 + 34*c**2. What is the units digit of p(v)?
8
Suppose 0 = 2*i + q - 4 - 9, 0 = 3*i - q - 7. Suppose 26 = i*a - b - 5, 3*b = -3*a + 42. What is the units digit of a?
9
Let t(v) = -v**2 + 7*v - 7. Let r(s) = -s**3 + s**2 - s + 5. Let j be r(0). What is the units digit of t(j)?
3
Suppose -2*i = -5*h - 96, 0 = 4*i - h + 5*h - 220. What is the tens digit of i?
5
Suppose -291 = -3*l - 0*l. What is the units digit of l?
7
Let l = -7 - -10. Suppose -u = l*m - 3 + 1, -32 = -4*u - 4*m. Suppose -5*w = -61 + u. What is the tens digit of w?
1
Let s = 14 - 1. Let m = s - 12. What is the units digit of m?
1
Let u(d) = -d**3 + 6*d**2 - d + 2. Let l be u(6). Let z = l + 10. What is the units digit of ((-27)/(-6))/(z/8)?
6
What is the units digit of 138/4*12*(-10)/(-45)?
2
Let x = -4 - -7. Suppose 7 + x = -2*f, -4*t - 50 = 2*f. Let h = 1 - t. What is the tens digit of h?
1
Let p(j) = j**2 - 1. Let u(a) = -2*a**2 - 3*a - 2. Let q(z) = 4*p(z) - u(z). What is the tens digit of q(2)?
2
Let w be (-2)/(-10) + (-207)/(-15). Let o = -8 + w. What is the units digit of o?
6
Let l = 75 + -41. Let a be l/(-6) - 1/3. What is the tens digit of a/(3 - 51/15)?
1
Suppose -4*j + 2*o = o - 363, 20 = 4*o. What is the tens digit of j?
9
Let r(s) = -s + 3. Let v be r(0). Let z be v/2 + (-36)/(-8). Suppose -z = -5*x + 14. What is the units digit of x?
4
Let g = 4 - 0. What is the units digit of g?
4
Suppose 43 = q - 4*j, 4*q = j + j + 144. What is the units digit of q?
5
Let n = 259 - -15. What is the units digit of n?
4
Let f = 42 - 28. What is the tens digit of 16/56 + 150/f?
1
Let f(v) = 6*v**3 + v. What is the units digit of f(1)?
7
What is the units digit of 65 + (-20)/(-11) + 12/66?
7
Let h = -193 - -401. What is the hundreds digit of h?
2
Suppose 12 = j + 5*t, 2*j - 15 = -4*t + 33. What is the units digit of j?
2
What is the units digit of -5*(-3)/9*3?
5
Suppose 3*b = -2*s + 16 + 47, b = -4*s + 101. Let z = -1 - -3. Suppose -3*i = 4*k + s - 67, 38 = 4*k + z*i. What is the units digit of k?
7
Let r = -40 - -80. What is the tens digit of r?
4
Suppose 3*q = 5*q. Let o = q + 11. Suppose 4*u + 11 = f, f + 4*u - o = -0*u. What is the units digit of f?
1
Let c(w) = w + 10. Let n be c(-7). Suppose 0 = -u + 8*x - n*x - 3, 2*u - 5*x - 4 = 0. What is the units digit of u?
7
Let b(g) = 6*g**2 - 4*g + 28. What is the tens digit of b(6)?
2
Suppose 4*h + 29 = 3*j, -2*h - 13 + 4 = -j. Let k be (-2)/4 + j/2. Suppose 0 = 3*v - t - 13, k*v - 3 = -2*t + 15. What is the units digit of v?
4
Let g(f) = f**2 + 4*f + 4. Suppose 0 = -3*m - 2*m - 20. What is the units digit of g(m)?
4
Let v = 171 + -146. What is the tens digit of v?
2
Let c(b) = b**3 + 6*b**2 - 3*b - 2. Let g be c(-6). Let j = g + -24. What is the tens digit of (-50)/(-4) + (-4)/j?
1
Let p = 94 + -48. What is the units digit of p?
6
Suppose -2 = 2*k - 3*k. Suppose -12 = -3*y - y + 4*u, 3*y - k*u - 6 = 0. Suppose y*w + 3*w = 9. What is the units digit of w?
3
Suppose n - 2*p - 17 = 0, 5*n - 19 = 2*p + 42. Let x(u) = u**2 - 8*u - 4. What is the units digit of x(n)?
9
Let k(p) = -p**2 - 5*p + 7. Let d(o) = -o**2 - 6*o - 6. Let h be d(-6). What is the units digit of k(h)?
1
Let k(o) = -o. Let f(q) = -q**2 + 9*q - 8. Let g(v) = f(v) - 2*k(v). Let c(j) = 2*j**3 - j**2 - j. Let w be c(2). What is the units digit of g(w)?
2
Let a = -4 + 6. Let f be (-1)/(a/(-6) - 0). What is the units digit of (f - 7)*14/(-8)?
7
Let b(c) = 4 + 4 - 5 + c**3 - 3*c**2 + 1. Suppose 0*l - 9 = -3*s + 5*l, l = 0. What is the units digit of b(s)?
4
Suppose -3*c + 4*c = 5, -320 = -5*w - 5*c. What is the units digit of w?
9
What is the tens digit of 250 - (-2 - (-6 - -1))?
4
Suppose 4 = 2*b - 32. What is the units digit of b?
8
Let p(y) = -2*y - 7. What is the units digit of p(-10)?
3
Let r be (3 - (-52)/2)*-1. Let d = -11 - r. What is the units digit of d?
8
Let r be -1 + -2 + 116/1. Suppose -2*t = 4*v - 40, 3*t - 4*v + 13 = r. What is the units digit of t?
8
Let f = 1 - -63. What is the units digit of f?
4
Suppose -l + 15 = 2*f - 16, 3*l = -5*f + 78. Let y = 119 - 112. What is the units digit of 2/y - f/(-21)?
1
Let y be (0 - 2) + 2 + 20. Suppose p + y = 5*p. What is the units digit of p?
5
Let x = -3 + 4. Let c be x/(-1 + (-8)/(-10)). Let g(r) = -r**3 - 6*r**2 - 5*r + 6. What is the units digit of g(c)?
6
Let b(n) = 2*n**2 - n + 4*n - 4 + 2 - n. What is the tens digit of b(2)?
1
Let c(y) = 2*y - 7. Let f be c(6). Suppose -8 = f*x + 2. What is the units digit of 40/7 - x/7?
6
Suppose 7*d - 6*d = 3. Let i = -21 - -36. Suppose d*u = i + 21. What is the tens digit of u?
1
Let x = 8 - 8. Suppose -2*l + 2 + 8 = x. Suppose 0 = -c + l*d + 3, -d - 24 = -2*c + 9. What is the units digit of c?
8
Suppose 3*k = -12 + 228. What is the tens digit of k?
7
Let r(b) be the third derivative of b**6/30 + b**5/60 - b**4/24 - b**3/6 - 2*b**2. Let n be r(-1). What is the units digit of (-57)/(-6) - n/2?
1
Suppose w - 2 = 0, 0 = 5*l + 2*w - 7*w. Suppose l*t - 21 - 33 = 0. What is the units digit of t?
7
Let b(f) = 16*f**2 - f - 1. What is the units digit of b(1)?
4
Suppose 0 = -0*n - 5*n + 60. Let c = n + -4. What is the units digit of c?
8
What is the units digit of (20/(-8))/(3/(-6))?
5
Suppose -3*w - d + 9 = -3*d, -w + d = -3. Suppose -7 + 61 = w*r. What is the units digit of r?
8
Let x = -119 + 178. What is the units digit of x?
9
Suppose 95*r = 97*r - 106. What is the tens digit of r?
5
Let o = 4 - 1. Suppose -w = 2 + o. Let t = 9 + w. What is the units digit of t?
4
Let f = -140 + 260. What is the hundreds digit of f?
1
Suppose 0 = 5*o - 1 - 4. Let h = -1 - o. What is the units digit of (-2 - 7)*h/2?
9
Let m(z) = -z**2 + 5*z - 2. Let h be m(3). Suppose 5*i